100011
In base 10, what is -99279 - 5?
-99284
In base 8, what is 24 + -171?
-145
In base 10, what is -63 - -3940?
3877
In base 7, what is 123664 - -10?
124004
In base 16, what is 167e + 5?
1683
In base 15, what is -699b + -2?
-699d
In base 12, what is -491328 - -2?
-491326
In base 4, what is 3 - -110011002?
110011011
In base 7, what is 205501 + -4?
205464
In base 16, what is 0 + 14c07e?
14c07e
In base 2, what is 10111011011011101 - 1?
10111011011011100
In base 15, what is 2 - -2b214?
2b216
In base 9, what is -222 - -128?
-83
In base 2, what is 101 + -1100001010011?
-1100001001110
In base 4, what is -10 + 2023?
2013
In base 15, what is -1 + -14c9?
-14ca
In base 13, what is -7084 - -7?
-707a
In base 2, what is -1100101011100111000 - -1?
-1100101011100110111
In base 13, what is 8b2 - -23?
905
In base 8, what is -34 + -74627?
-74663
In base 7, what is -44 - -114032?
113655
In base 11, what is 2 + -912a?
-9128
In base 8, what is -3165 + 10?
-3155
In base 16, what is -26e5 - -13?
-26d2
In base 9, what is -111 - 6875?
-7086
In base 7, what is 661 - -1666?
2660
In base 3, what is -10 + -2200202211001?
-2200202211011
In base 14, what is 7 - -d64?
d6b
In base 8, what is 706 - -263?
1171
In base 5, what is 4 - 334332?
-334323
In base 12, what is -5 + -2762?
-2767
In base 6, what is 2413333 - 44?
2413245
In base 9, what is -26511 + -7?
-26518
In base 8, what is -2334 + 46?
-2266
In base 16, what is 1 + -9698a?
-96989
In base 4, what is 10 + -311212?
-311202
In base 14, what is -a55c78 - 3?
-a55c7b
In base 6, what is 0 - 140344?
-140344
In base 9, what is 16 + 344071?
344087
In base 12, what is -5 + 2549?
2544
In base 12, what is -b0ba - 7?
-b105
In base 9, what is 67 + 3162?
3240
In base 5, what is -410 + -1324011?
-1324421
In base 2, what is 110011101 + -11110100?
10101001
In base 6, what is -3025 - 414?
-3443
In base 10, what is 1215 - -3422?
4637
In base 13, what is -1262 + 18c?
-10a3
In base 10, what is -12862 - 24?
-12886
In base 10, what is -4 - 7318?
-7322
In base 3, what is -1000012100001 - 20?
-1000012100021
In base 11, what is 66 + -1199?
-1133
In base 16, what is 123d + -11?
122c
In base 16, what is 0 + f12?
f12
In base 7, what is 450 + 163?
643
In base 2, what is -100001000110110 - -100001?
-100001000010101
In base 8, what is -3352755 - 0?
-3352755
In base 15, what is 3 - ca7b?
-ca78
In base 11, what is -132250 - 2?
-132252
In base 3, what is -21211122 - -202?
-21210220
In base 6, what is 1 - 25141512?
-25141511
In base 11, what is -1 + 1078?
1077
In base 10, what is 180436 - -3?
180439
In base 8, what is 556 + 2745?
3523
In base 5, what is 3020421 + -34?
3020332
In base 9, what is 1754 + 234?
2088
In base 7, what is 6420 + 110?
6530
In base 4, what is -121 + 1101330?
1101203
In base 8, what is 5 + 27220?
27225
In base 5, what is -44440 - 24?
-100014
In base 12, what is 0 - -82586?
82586
In base 15, what is 32b + -126?
205
In base 5, what is -2212442 - 0?
-2212442
In base 2, what is 1111011110 + 101100?
10000001010
In base 4, what is 12 - -1202221?
1202233
In base 13, what is 163 - -1652?
17b5
In base 9, what is -84 - 33?
-127
In base 16, what is 4 + -62413?
-6240f
In base 15, what is 194 + 12?
1a6
In base 5, what is -113 + -2241?
-2404
In base 8, what is 4321561 + -1?
4321560
In base 13, what is -5 + 312701?
3126c9
In base 7, what is -6534 - 0?
-6534
In base 5, what is 2 + -1201?
-1144
In base 11, what is -22939 - 5?
-22943
In base 3, what is -120 + 2011?
1121
In base 6, what is 4 - 22134?
-22130
In base 8, what is 414265 + -2?
414263
In base 5, what is 132 + -3442?
-3310
In base 12, what is 3 - 25b?
-258
In base 9, what is -250731 - -5?
-250725
In base 6, what is -1241 - -113?
-1124
In base 14, what is -3 - 1054bb?
-1054c0
In base 10, what is 165 + 39?
204
In base 3, what is 2211201 - -1201?
2220102
In base 10, what is 135104 - -2?
135106
In base 10, what is -13 - 166562?
-166575
In base 10, what is 224 - -1246?
1470
In base 7, what is -5212 + 122?
-5060
In base 2, what is 10001111110 + -101001?
10001010101
In base 12, what is -166 - -20?
-146
In base 9, what is 10357 - -13?
10371
In base 3, what is 112221100002 + 0?
112221100002
In base 12, what is -2 - 31622b?
-316231
In base 13, what is 2 - -46031?
46033
In base 16, what is 3b - -145?
180
In base 14, what is -a1 + -1016?
-10b7
In base 7, what is 205 + 660?
1165
In base 8, what is 1217140 - -2?
1217142
In base 14, what is 51b - -10?
52b
In base 4, what is 311 - 21013132?
-21012221
In base 9, what is 1877 + -22?
1855
In base 7, what is 42 + -34226?
-34154
In base 4, what is -20 + 101011333?
101011313
In base 15, what is 19 + 474?
48d
In base 4, what is 3 - -332200322?
332200331
In base 2, what is -101 - -100100011101011001110?
100100011101011001001
In base 3, what is 2 + -110220101?
-110220022
In base 4, what is 3 - -10132220?
10132223
In base 11, what is -4 - -182341?
182338
In base 11, what is -1a15 + -1028?
-2a42
In base 4, what is 2 - -2300213120?
2300213122
In base 9, what is -1006 - -18?
-877
In base 3, what is 10 - -211120012?
211120022
In base 2, what is -111 - 111010100111011011?
-111010100111100010
In base 9, what is 1264 - -215?
1480
In base 2, what is -10110 + 100000100110010?
100000100011100
In base 11, what is -40 - 681?
-711
In base 11, what is -1a41 - 55?
-1a96
In base 16, what is -3d + 5ec2?
5e85
In base 16, what is 6 - 8d5d7?
-8d5d1
In base 3, what is 210122 - -12101?
1000000
In base 2, what is -101000011100100011 + 1001?
-101000011100011010
In base 10, what is 402 + -4?
398
In base 7, what is -263 + -11462?
-12055
In base 5, what is 122421003 - 3?
122421000
In base 5, what is 3 - -2023?
2031
In base 3, what is 12021 - -100210?
120001
In base 16, what is -551e5 - 4?
-551e9
In base 5, what is 110220 - 4321?
100344
In base 10, what is 50 - 376?
-326
In base 15, what is -37c1 + -4?
-37c5
In base 9, what is -1875747 + 5?
-1875742
In base 9, what is 172554 - -3?
172557
In base 11, what is 6804 + -226?
6589
In base 12, what is -9658a5 - -5?
-9658a0
In base 10, what is 3122 + -1706?
1416
In base 16, what is -3 + 43a3f?
43a3c
In base 12, what is -169b - -12?
-1689
In base 11, what is 63a0 - -1?
63a1
In base 10, what is -3 + 3805?
3802
In base 10, what is 3 + -1359?
-1356
In base 3, what is 110121 - -11002?
121200
In base 3, what is -2220220201 + -1201?
-2220222102
In base 13, what is 6074 - -48?
60bc
In base 14, what is 0 + -46a2?
-46a2
In base 15, what is -2d7 + 510?
228
In base 9, what is 217 + -2840?
-2622
In base 13, what is 15b17 + -12?
15b05
In base 13, what is b - -aba45?
aba53
In base 11, what is -1994 - -177?
-1818
In base 16, what is 8b429 - -4?
8b42d
In base 15, what is 33 + -290d?
-28ca
In base 9, what is 12615 - 387?
12217
In base 13, what is -3b82 - -21?
-3b61
In base 12, what is -2b - -92?
63
In base 2, what is 1101110011011100 - -1?
1101110011011101
In base 15, what is 10434 + -8?
1042b
In base 10, what is -3 + -49288?
-49291
In base 5, what is -1044210 + -22?
-1044232
In base 15, what is 824 + 33?
857
In base 9, what is 2 - 1500547?
-1500545
In base 13, what is 366b - 16?
3655
In base 5, what is -1141 - 221223?
-222414
In base 11, what is -737616 - -3?
-737613
In base 6, what is -4205 + 114?
-4051
In base 5, what is -2013 + -3424?
-10442
In base 10, what is 101 - 68?
33
In base 10, what is -445 - 105?
-550
In base 8, what is 4 + 1177247?
1177253
In base 12, what is 2a - -1ab8a?
1abb8
In base 6, what is 100050 + 214?
100304
In base 9, what is 4 + 36866?
36871
In base 15, what is -9 + 19d?
194
In base 13, what is 604c4 - 4?
604c0
In base 14, what is -ab - -268?
19b
In base 13, what is 14 + 2023?
2037
In base 3, what is 1102200 + -11222111?
-10112211
In base 2, what is 0 - -10110000001000?
10110000001000
In base 7, what is -1016050 + 3?
-1016044
In base 9, what is 258 - -1066?
1335
In base 9, what is -488 + -136?
-635
In base 7, what is 1 + -3553522?
-3553521
In base 8, what is 13 + -13703?
-13670
In base 6, what is 1202455 - -3?
1202502
In base 3, what is -2122020 + -211?
-2200001
In base 7, what is -4 - -1621313?
1621306
In base 11, what is 172629 - -2?
172630
In base 8, what is -2 - 244132?
-244134
In base 10, what is -6 - 802?
-808
In base 3, what is 220102 + 201?
221010
In base 4, what is 210302200 - -1?
210302201
In base 9, what is 7 + -1210?
-1202
In base